rs of j?
5, 2333
Let b(q) = 232*q + 1551. What are the prime factors of b(29)?
17, 487
Let l = -170876 + 241627. List the prime factors of l.
139, 509
Let x(q) = -11*q**2 + 359 - 9*q + 3*q**2 + 5*q**2 - 152. Let p(j) = j**2 + 4*j - 104. Let h(n) = -5*p(n) - 2*x(n). What are the prime factors of h(0)?
2, 53
Suppose -40 = -3*p + 4*v - 3*v, 2*v = 2*p - 20. Let n(k) = -8*k + 24*k - k**2 - 28 + p*k - 4*k. List the prime factors of n(16).
2, 37
Let m be (-14 - -8)/(74/(-72) - -1). Suppose d - 4*c = m, 2*d + c - 175 = 248. List the prime factors of d.
2, 53
Suppose -g + 1619 + 546 = 5*d, 4*g = 3*d - 1322. Let x = d - 159. What are the prime factors of x?
5, 11
Suppose 2*n - 7*n = -2*g - 35, -2*g - 2*n = 0. Let a be g/(10/(-8))*1 + 0. Suppose j = -5*c + 919 - 256, -a*c - 3*j + 526 = 0. What are the prime factors of c?
7, 19
Let f be 2/4 - (3/6 - 4). Suppose f*k + 65 = 3*u - 954, 5*u = 2*k + 1689. List the prime factors of u.
337
Let u be (12/3 - 14)/(-1). List the prime factors of 5*(-42)/(-175)*u.
2, 3
Let l = 48 - 38. Suppose l*o - 60 = 50. What are the prime factors of o?
11
Let a(n) = -14*n + 99. Suppose -2*l + 44 = -2*s, 5*s - 4*s + 2*l = -37. List the prime factors of a(s).
3, 53
Suppose -u = -17*y + 13*y - 17, 3*u + 5*y = 0. Let k = -3 - -1. What are the prime factors of u/5 + (k - -88)?
3, 29
Let k(z) = z**3 + 16*z**2 + 2*z - 16. Let x be k(-17). Let j = -266 - x. What are the prime factors of j?
73
Suppose 2*d = -3*p - 0*d + 18, 3*d = 0. Let l(i) = 21*i + 29. List the prime factors of l(p).
5, 31
Suppose 5*c - 14 = -4, -3*y - 3*c = -16425. What are the prime factors of y?
13, 421
List the prime factors of (-779 + 17)*(-78)/13.
2, 3, 127
Let w be 2/(-8) + (-1)/4*27. Let b(n) = n**2 + 6*n. Let k be b(w). Suppose -228 = k*t - 11*t. List the prime factors of t.
3, 19
Suppose 52*x + 35*x - 1311699 = 0. What are the prime factors of x?
15077
Suppose -5*k = z - 27, -k + 6*k + 33 = 4*z. Suppose 0 = -3*n + 117 + z. List the prime factors of n.
43
Let c(o) = -o**3 + 2*o**2 + 36*o + 5. Let i be c(-5). Suppose i*k = -6*k + 2922. What are the prime factors of k?
487
Suppose 16*o - 19460 = 11*o. Suppose -82*l = -96*l + o. What are the prime factors of l?
2, 139
Suppose -6*q + c = -3*q - 196, 2*q = 2*c + 136. Let h = -19 + q. Let n = h + -30. What are the prime factors of n?
3, 5
Suppose 9*g + 11574 = 11*g + 4*l, g = -3*l + 5783. What are the prime factors of g?
5, 19, 61
Suppose 1 = -3*b - m, 0 = 4*b + 3*m - 0 - 7. Let p(u) = 63*u**3 - 23*u**3 - 2*u - 1 - u**2 - 41*u**3. List the prime factors of p(b).
7
List the prime factors of -1 - (-12)/21 - 1095/(-210)*1346.
2, 11, 29
Let p be 1 + 5 + 19 + 0. Let g(d) = d**2 + 14*d + 10. List the prime factors of g(p).
5, 197
Suppose 4*u + 4*y = 24094 + 1722, 2*u + 5*y - 12899 = 0. What are the prime factors of u?
11, 587
Let q be 8/4*(-6)/12. List the prime factors of 2/(-9 - q) - (-55893)/372.
2, 3, 5
Suppose -141*o - 85*o + 17163808 = 885480. List the prime factors of o.
2, 11, 1637
Let i(p) = 3*p + 70. Let k be i(10). Let w = k - -411. List the prime factors of w.
7, 73
Let f(s) = 9*s - 15. Let b be f(2). Suppose 2*p = -3*p - q + 4209, -2523 = -b*p - 3*q. What are the prime factors of p?
2, 421
Let k(z) = -2*z. Let c be k(6). Suppose -105*r + 1260 = -111*r. List the prime factors of r/(-4) + c/(-8).
2, 3
Suppose 4*m + 424 = 2*z - 13306, z = -3*m + 6890. List the prime factors of z.
5, 11
Let x(t) = 38*t**3 - 2*t - 79*t**3 + 40*t**3 - 2 + 7*t**2. What are the prime factors of x(-5)?
2, 7, 11
Suppose -25*b + 33*b + 224 = 0. Let k = 17 + 66. Let g = b + k. What are the prime factors of g?
5, 11
Let d = -283 - -186. Let c = 232 + d. List the prime factors of c.
3, 5
Let y = 279 + -275. What are the prime factors of (-24 - -314) + y/(0 + 1)?
2, 3, 7
What are the prime factors of 7891 + ((-5 + 2)*7)/(-3)?
2, 11, 359
Let x(c) = c**3 - 8*c**2 - 14. Let d(a) = -a**3 + 9*a**2 + 14. Let o(i) = 2*d(i) + 3*x(i). Let t be o(6). List the prime factors of ((-48)/7 + 0)*t.
2, 3
Let m be ((-4)/8)/((-1)/18). What are the prime factors of 24/m*-1*(-513)/6?
2, 3, 19
Let x = -185 - -190. Suppose -5*c - x = 0, -4*h - 7*c + 927 = -2*c. What are the prime factors of h?
233
Suppose w + 24231 = 4*q, -5*q - 5*w = -6260 - 24035. What are the prime factors of q?
2, 13, 233
Let d(s) = 14*s**2 - 26*s - 33. Let y be d(18). Suppose -1231 = -2*j - 3*w, 0 = 5*j + 5*w + 945 - y. What are the prime factors of j?
7, 89
Suppose -7*s - 20 = 8. Let j(d) = -d**3 - 4*d**2 + 5*d + 1. Let g be j(-7). Let f = g + s. What are the prime factors of f?
109
Let q(y) = 10*y**2 - y - 11. Suppose 7*a = a. Suppose -6*x - 19 + 43 = a. What are the prime factors of q(x)?
5, 29
Let x = -7781 - -15023. List the prime factors of x.
2, 3, 17, 71
Suppose 39*f + 54316 = 166051. What are the prime factors of f?
3, 5, 191
What are the prime factors of (65/(-20))/(15/8 + -2)?
2, 13
Let t = 680 + -199. What are the prime factors of t?
13, 37
Suppose 5*l + 5*g = 37655, 3 = 4*g - g. Suppose -11*r - 4*r = -l. List the prime factors of r.
2, 251
Let x(a) = a**2 - 6*a + 4. Let n(h) = 6*h. Let c be n(1). Let l be x(c). Suppose -4*b - l*o + 924 = -0*b, 3*b = 2*o + 698. List the prime factors of b.
2, 29
Let g(m) = -466*m - 1965. What are the prime factors of g(-81)?
3, 11927
Let m = 7 + -10. Let c be 2/m - (-170)/30. Suppose -c*s = -138 - 152. List the prime factors of s.
2, 29
Let b be (2/(-1)*25)/(-1). Suppose 56*p - b*p - 1812 = 0. What are the prime factors of p?
2, 151
Let y(q) = -1346*q - 1589. What are the prime factors of y(-12)?
14563
Let z be 8/14 - 744/(-21). Let w(j) = 6*j**3 - j**2. Let a be w(1). What are the prime factors of z - a/15*3?
5, 7
Let m = -5355 - -20848. List the prime factors of m.
15493
Suppose 4020 + 8115 = q - 4*u, 0 = 3*q + 5*u - 36388. List the prime factors of q.
7, 1733
Let z = 0 - 0. Suppose -4*g + 302 = -v, -4*g = -8*g - 2*v + 296. Let i = g - z. List the prime factors of i.
3, 5
Let h(y) = 1391*y**2 - 601*y + 9. What are the prime factors of h(4)?
19861
Let u = 38 + -38. Suppose u = -12*n + 8*n + 640. Suppose 0 = -3*w - i - 26 + 286, 2*w - n = 2*i. List the prime factors of w.
5, 17
Let v(a) = -5*a + 3. Let l(t) = 1. Let b be (2/(-3))/(2/(24/(-4))). Let h(d) = b*v(d) - 6*l(d). List the prime factors of h(-14).
2, 5, 7
Let g be 80510/55 - 30/(-165). Suppose 4*s + 16*y = 21*y + g, -3*s - 5*y + 1063 = 0. What are the prime factors of s?
19
Suppose 880780 = 63*p - 194315. What are the prime factors of p?
5, 3413
Let u be ((-39)/(-6))/((-1)/14). Let d = u - 88. Let m = d + 314. What are the prime factors of m?
3, 5
Let x be 42/(-8) + ((-52)/(-16) - 3). Let j(d) = 11*d**2 + 11*d + 18. What are the prime factors of j(x)?
2, 7, 17
Let a(l) = 24*l - 65. Suppose 0 = -19*s - 8*s + 567. List the prime factors of a(s).
439
Let i(l) = -13*l + 11. Suppose -6*o = -o + 15. Let s(g) = 14*g - 11. Let z(h) = o*s(h) - 4*i(h). What are the prime factors of z(18)?
13
Suppose 0 = -3*u + 3*w + 2*w + 590, -8 = 2*w. Let x = u + -155. List the prime factors of x.
5, 7
Let o(n) = -n**2 + 9*n + 74. Let u be 52/(-286) - 106/22. What are the prime factors of o(u)?
2
Suppose -2 = -u + 4. Let x = u - 5. Let t(v) = 100*v**3 - 2*v**2 + 1. List the prime factors of t(x).
3, 11
Suppose y - 5*f - 13871 = 0, 23*y + 4*f = 22*y + 13925. List the prime factors of y.
13901
Let p(f) be the third derivative of -5*f**4/4 - 103*f**3/6 - 14*f**2 + 6*f. What are the prime factors of p(-7)?
107
List the prime factors of (146/5 + 7 + -13)*445.
2, 29, 89
Let y = -88 - -96. Let g = y + -2. Let o = g - -123. What are the prime factors of o?
3, 43
Let p be (-8)/3*1 + 80/120. List the prime factors of (2768/(-12)*p)/(12/36).
2, 173
Let k = 100359 - 56979. List the prime factors of k.
2, 3, 5, 241
Let p be 2/(-11) - (-10836)/(-264)*-4. Let v = p - -953. What are the prime factors of v?
1117
Let d(j) be the first derivative of 7*j**2 + 2*j - 6. Let n be d(10). Let y = 334 - n. List the prime factors of y.
2, 3
Let x be 16/24*(-15)/2. Let u(j) = j**3 - 27*j**2 + 9*j - 6. Let i be u(27). What are the prime factors of ((-42)/15)/7 - i/x?
47
Let q(d) = 2*d**3 + 9*d**2 - 11. Let k(c) = c**2 - c - 1. Let v(b) = 5*k(b) - q(b). Let s be v(5). Let i = 543 + s. What are the prime factors of i?
2, 3, 29
Let j = 172